01 is divided by 17067.
16541
Calculate the remainder when 165828 is divided by 4508.
3540
What is the remainder when 52757197 is divided by 1884184?
45
What is the remainder when 111410208 is divided by 41?
6
What is the remainder when 568623 is divided by 998?
761
Calculate the remainder when 86856237 is divided by 361.
359
What is the remainder when 4085156 is divided by 151?
2
Calculate the remainder when 461868 is divided by 37.
34
What is the remainder when 29814873 is divided by 494?
491
What is the remainder when 1013983 is divided by 333?
331
Calculate the remainder when 519030 is divided by 693.
666
What is the remainder when 2656221 is divided by 10710?
141
What is the remainder when 846630 is divided by 11139?
66
Calculate the remainder when 211266 is divided by 175.
41
What is the remainder when 6268440 is divided by 238?
234
What is the remainder when 32890774 is divided by 17?
7
Calculate the remainder when 658683 is divided by 3939.
870
Calculate the remainder when 1330385 is divided by 122.
97
Calculate the remainder when 2239542 is divided by 5315.
1927
Calculate the remainder when 1066445 is divided by 152265.
590
What is the remainder when 1076045 is divided by 33626?
13
What is the remainder when 89901375 is divided by 14983562?
3
What is the remainder when 12706 is divided by 3175?
6
What is the remainder when 65113 is divided by 579?
265
Calculate the remainder when 5183365 is divided by 409.
108
What is the remainder when 953013 is divided by 45?
3
Calculate the remainder when 2972194 is divided by 2.
0
Calculate the remainder when 60199 is divided by 26519.
7161
What is the remainder when 9953568 is divided by 76?
0
What is the remainder when 45819 is divided by 1383?
180
What is the remainder when 24541335 is divided by 6?
3
Calculate the remainder when 1920813 is divided by 3.
0
Calculate the remainder when 3030963 is divided by 3030950.
13
What is the remainder when 16275094 is divided by 5425020?
34
Calculate the remainder when 46074 is divided by 15177.
543
Calculate the remainder when 137267 is divided by 850.
417
What is the remainder when 1042720 is divided by 777?
763
What is the remainder when 159678 is divided by 17656?
774
Calculate the remainder when 427030 is divided by 106720.
150
Calculate the remainder when 18294215 is divided by 23914.
5
What is the remainder when 211802 is divided by 69904?
2090
Calculate the remainder when 574119190 is divided by 31.
27
Calculate the remainder when 27473533 is divided by 6498.
6487
What is the remainder when 2686465 is divided by 43330?
5
Calculate the remainder when 104706 is divided by 231.
63
What is the remainder when 2887040 is divided by 39?
26
What is the remainder when 116155873 is divided by 22?
9
What is the remainder when 286196 is divided by 26008?
108
What is the remainder when 4040 is divided by 1560?
920
What is the remainder when 98125356 is divided by 8?
4
What is the remainder when 2615385 is divided by 57?
54
Calculate the remainder when 4866537 is divided by 1005.
327
Calculate the remainder when 2529269 is divided by 301.
267
Calculate the remainder when 68389 is divided by 68238.
151
Calculate the remainder when 829170 is divided by 120.
90
Calculate the remainder when 59182356 is divided by 19727442.
30
What is the remainder when 4445198 is divided by 1157?
4
What is the remainder when 1395769 is divided by 348938?
17
Calculate the remainder when 3464530 is divided by 289.
287
What is the remainder when 42439 is divided by 13898?
745
Calculate the remainder when 7110 is divided by 1833.
1611
Calculate the remainder when 3366713 is divided by 3588.
1169
Calculate the remainder when 82994330 is divided by 164.
162
Calculate the remainder when 938834 is divided by 234700.
34
What is the remainder when 14079302 is divided by 2346550?
2
What is the remainder when 6401780 is divided by 1600443?
8
What is the remainder when 1163891 is divided by 40?
11
What is the remainder when 19277733 is divided by 692?
689
Calculate the remainder when 12858 is divided by 3552.
2202
What is the remainder when 4050041 is divided by 4050040?
1
What is the remainder when 834474 is divided by 278105?
159
Calculate the remainder when 4596460 is divided by 40.
20
Calculate the remainder when 926546 is divided by 2041.
1973
What is the remainder when 1170009 is divided by 1739?
1401
Calculate the remainder when 11085909 is divided by 18.
15
Calculate the remainder when 105164 is divided by 431.
0
Calculate the remainder when 506782 is divided by 101158.
992
What is the remainder when 7065820 is divided by 588818?
4
What is the remainder when 21521 is divided by 6822?
1055
What is the remainder when 21109813 is divided by 2168?
2165
Calculate the remainder when 9795607 is divided by 1959121.
2
What is the remainder when 1245765 is divided by 113236?
169
Calculate the remainder when 43470 is divided by 613.
560
Calculate the remainder when 760046 is divided by 759996.
50
What is the remainder when 3348140 is divided by 60875?
15
What is the remainder when 145151 is divided by 4023?
323
Calculate the remainder when 90834 is divided by 88700.
2134
What is the remainder when 45362851 is divided by 15202?
83
What is the remainder when 116488750 is divided by 184?
6
What is the remainder when 797720474 is divided by 4393?
4390
Calculate the remainder when 16877432 is divided by 3628.
3604
Calculate the remainder when 3852518 is divided by 81.
77
Calculate the remainder when 111990 is divided by 5031.
1308
Calculate the remainder when 53455 is divided by 51360.
2095
What is the remainder when 56105 is divided by 267?
35
What is the remainder when 155682 is divided by 3535?
142
Calculate the remainder when 317014 is divided by 4953.
22
What is the remainder when 136911 is divided by 564?
423
What is the remainder when 2072233 is divided by 4853?
2
Calculate the remainder when 54683 is divided by 1884.
47
Calculate the remainder when 2386308 is divided by 232.
188
Calculate the remainder when 2042253 is divided by 2042239.
14
Calculate the remainder when 12331264 is divided by 298.
24
What is the remainder when 27587764 is divided by 398?
394
Calculate the remainder when 223834 is divided by 3066.
16
Calculate the remainder when 3806 is divided by 2724.
1082
Calculate the remainder when 163023 is divided by 647.
626
Calculate the remainder when 142010 is divided by 141133.
877
Calculate the remainder when 1586336322 is divided by 2246.
2244
Calculate the remainder when 176424 is divided by 43.
38
What is the remainder when 12997474 is divided by 11?
6
Calculate the remainder when 18252762 is divided by 62.
24
What is the remainder when 303384 is divided by 16838?
300
Calculate the remainder when 2254089 is divided by 906.
867
Calculate the remainder when 3627623 is divided by 151.
150
What is the remainder when 3873765 is divided by 5978?
21
What is the remainder when 528530 is divided by 44044?
2
What is the remainder when 384507 is divided by 882?
837
What is the remainder when 2319846 is divided by 773272?
30
What is the remainder when 875281 is divided by 1885?
641
Calculate the remainder when 3330574 is divided by 74004.
394
What is the remainder when 37337 is divided by 1939?
496
What is the remainder when 1749424 is divided by 41?
36
Calculate the remainder when 687835 is divided by 36201.
16
What is the remainder when 6684117 is divided by 314?
313
Calculate the remainder when 542902 is divided by 33931.
6
What is the remainder when 131898329 is divided by 21?
17
What is the remainder when 3209024 is divided by 7007?
6825
What is the remainder when 12482101 is divided by 746?
29
Calculate the remainder when 68331 is divided by 1660.
271
Calculate the remainder when 1231481 is divided by 1231440.
41
Calculate the remainder when 844631 is divided by 890.
21
Calculate the remainder when 3455602 is divided by 1727649.
304
Calculate the remainder when 10772988 is divided by 26.
18
Calculate the remainder when 4603884 is divided by 1132.
40
Calculate the remainder when 1367502 is divided by 73.
66
Calculate the remainder when 1959510 is divided by 2703.
2538
What is the remainder when 410802 is divided by 2490?
2442
What is the remainder when 90516 is divided by 15038?
288
